{"id":1456,"date":"2020-12-27T21:29:01","date_gmt":"2020-12-27T21:29:01","guid":{"rendered":"https:\/\/aliancatransportesba.com.br\/?page_id=1456"},"modified":"2022-04-21T13:49:54","modified_gmt":"2022-04-21T13:49:54","slug":"a-empresa","status":"publish","type":"page","link":"https:\/\/aliancatransportesba.com.br\/index.php\/a-empresa\/","title":{"rendered":"A EMPRESA"},"content":{"rendered":"\n<p>Ol\u00e1, somos a Alian\u00e7a Transportes<\/p>\n\n\n\n<div class=\"wp-block-image\"><figure class=\"alignright size-large\"><img loading=\"lazy\" decoding=\"async\" width=\"400\" height=\"405\" src=\"https:\/\/aliancatransportesba.com.br\/wp-content\/uploads\/2021\/02\/selo.jpg\" alt=\"\" class=\"wp-image-1747\" srcset=\"https:\/\/aliancatransportesba.com.br\/wp-content\/uploads\/2021\/02\/selo.jpg 400w, https:\/\/aliancatransportesba.com.br\/wp-content\/uploads\/2021\/02\/selo-296x300.jpg 296w\" sizes=\"auto, (max-width: 400px) 100vw, 400px\" \/><\/figure><\/div>\n\n\n\n<p>Uma empresa conceituada em fretamento cont\u00ednuo e viagens de turismo especial.<br>Nossos servi\u00e7os s\u00e3o voltados principalmente para o transporte de passageiros sob regime de fretamento para f\u00e1bricas, empresas e ind\u00fastrias, viagens comerciais e de turismo municipal, intermunicipal, interestadual, transportes em carros de passeio, dentre outros.<\/p>\n\n\n\n<p>Mantemos nossa frota constantemente em manuten\u00e7\u00e3o para melhor conforto e qualidade para nossos clientes.<br>Nosso servi\u00e7o de bordo prioriza a excel\u00eancia desde a recep\u00e7\u00e3o dos passageiros at\u00e9 a chegada ao seu destino.<\/p>\n\n\n\n<p>Nossos motoristas s\u00e3o profissionais habilitados, capacitados, discretos e elegantes. Todos com ampla experi\u00eancia no tr\u00e2nsito de rodovias e cidades grandes. Todos aliados a tecnologia com utiliza\u00e7\u00e3o de GPS Cumprindo assim com efici\u00eancia todos os trajetos mesmo em condi\u00e7\u00f5es adversas de transito.<\/p>\n\n\n\n<p>Com os nossos mais de 5 anos de experi\u00eancia adquirimos o Selo de Turismo Respons\u00e1vel, fornecido pelo minist\u00e9rio de Turismo.<br>Somos sin\u00f4nimo de confian\u00e7a e qualidade no servi\u00e7o de transporte de pessoas.<\/p>\n\n\n\n<p>Priorizamos aos nossos clientes o compromisso de pontualidade, inova\u00e7\u00e3o, conforto, seguran\u00e7a, satisfa\u00e7\u00e3o em servir, confiabilidade, disciplina e responsabilidade.<\/p>\n\n\n\n<p>Quer tranquilidade na hora de viajar? Venha para a Alian\u00e7a Transportes!<br>Entre em contato agora mesmo com o nosso canal de atendimento e fa\u00e7a um or\u00e7amento que Teremos enorme prazer em atende-lo.<\/p>\n\n\n\n<figure class=\"wp-block-embed is-type-video is-provider-youtube wp-block-embed-youtube wp-embed-aspect-4-3 wp-has-aspect-ratio\"><div class=\"wp-block-embed__wrapper\">\n<iframe loading=\"lazy\" title=\"Alian\u00e7a Transportes\" width=\"800\" height=\"600\" src=\"https:\/\/www.youtube.com\/embed\/f8tPJ8JF5QA?feature=oembed\" frameborder=\"0\" allow=\"accelerometer; autoplay; clipboard-write; encrypted-media; gyroscope; picture-in-picture\" allowfullscreen><\/iframe>\n<\/div><\/figure>\n\n\n\n<p>A Alian\u00e7a Transportes e Loca\u00e7\u00e3o \u00e9 uma empresa conceituada em fretamento cont\u00ednuo e viagens de turismo especial, com 05 anos de experi\u00eancia. Os servi\u00e7os s\u00e3o voltados principalmente para o transporte de passageiros sob regime de fretamento para f\u00e1bricas, empresas e ind\u00fastrias, viagens comerciais e de turismo municipal, intermunicipal, interestadual, dentre outros.<\/p>\n\n\n\n<p>\u00c9 uma empresa regularizada junta a AGERBA (Ag\u00eancia Estadual de Regula\u00e7\u00e3o de Servi\u00e7os p\u00fablicos de Energia, Transportes e Comunica\u00e7\u00e3o da Bahia) sob o n\u00famero de Registro 2813-CS. Registro fundamental para todo operador e prestador de servi\u00e7o de transportes e Turismo na Bahia, renovados obrigatoriamente anualmente para aqueles que desejam est\u00e1 em dia com os \u00f3rg\u00e3os de fiscaliza\u00e7\u00e3o.<\/p>\n\n\n\n<p>Possu\u00edmos o Selo de Turismo respons\u00e1vel, Limpo e seguro fornecido pelo minist\u00e9rio de Turismo para as empresas Cadastradas do Cadastur e liberados para empresas enquadradas o Regime da OMS (organiza\u00e7\u00e3o Mundial da sa\u00fade) enquadrado no higieniza\u00e7\u00e3o e limpeza no combate ao Covid -19.<\/p>\n\n\n\n<figure class=\"wp-block-embed is-type-video is-provider-youtube wp-block-embed-youtube wp-embed-aspect-16-9 wp-has-aspect-ratio\"><div class=\"wp-block-embed__wrapper\">\n<iframe loading=\"lazy\" title=\"Alian\u00e7a Transportes\" width=\"800\" height=\"450\" src=\"https:\/\/www.youtube.com\/embed\/3kv6xGSjCGw?feature=oembed\" frameborder=\"0\" allow=\"accelerometer; autoplay; clipboard-write; encrypted-media; gyroscope; picture-in-picture\" allowfullscreen><\/iframe>\n<\/div><\/figure>\n\n\n<p><strong>Nossa Miss\u00e3o:<\/strong><br>Prestar servi\u00e7o de transportes de passageiros com qualidade e seguran\u00e7a de forma que garanta a satisfa\u00e7\u00e3o de nossos clientes.<\/p>\n<p><strong>Nossa Vis\u00e3o:<\/strong><br>Ser sin\u00f4nimo de confian\u00e7a e qualidade no servi\u00e7o de transporte de pessoas.<\/p>\n<p><strong>Nossos Valores:<\/strong><br>Compromisso com o cliente, pontualidade, inova\u00e7\u00e3o, conforto, seguran\u00e7a, satisfa\u00e7\u00e3o em servir, confiabilidade, disciplina e responsabilidade.<\/p>\n<p><iframe loading=\"lazy\" title=\"Alian\u00e7a Transportes\" width=\"800\" height=\"450\" src=\"https:\/\/www.youtube.com\/embed\/92LVDbCEXlc?feature=oembed\" frameborder=\"0\" allow=\"accelerometer; autoplay; clipboard-write; encrypted-media; gyroscope; picture-in-picture\" allowfullscreen><\/iframe><\/p>\n<p><\/p>\n<p><strong data-rich-text-format-boundary=\"true\">Nossos Principais Clientes:<\/strong>\uf0b7&nbsp;<\/p>\n\n\n<div class=\"wp-block-group\"><div class=\"wp-block-group__inner-container is-layout-flow wp-block-group-is-layout-flow\">\n<figure class=\"wp-block-table is-style-regular\"><table><tbody><tr><td><a rel=\"noreferrer noopener\" href=\"https:\/\/www.c3engenharia.com.br\/\" target=\"_blank\"><img loading=\"lazy\" decoding=\"async\" width=\"250\" height=\"163\" src=\"https:\/\/aliancatransportesba.com.br\/wp-content\/uploads\/2021\/01\/c3.jpg\" alt=\"\"><\/a><\/td><td><a rel=\"noreferrer noopener\" href=\"http:\/\/www.fjc.org.br\/\" target=\"_blank\"><img loading=\"lazy\" decoding=\"async\" width=\"250\" height=\"163\" src=\"https:\/\/aliancatransportesba.com.br\/wp-content\/uploads\/2021\/01\/funadacao.jpg\" alt=\"\"><\/a><\/td><td><a rel=\"noreferrer noopener\" href=\"http:\/\/www.heringer.com.br\/default_pti.asp?idioma=0&amp;conta=45\" target=\"_blank\"><img loading=\"lazy\" decoding=\"async\" width=\"250\" height=\"163\" src=\"https:\/\/aliancatransportesba.com.br\/wp-content\/uploads\/2021\/01\/heringer.jpg\" alt=\"\"><\/a><\/td><\/tr><tr><td><a rel=\"noreferrer noopener\" href=\"https:\/\/cassiturismo.com.br\/\" target=\"_blank\"><img loading=\"lazy\" decoding=\"async\" width=\"250\" height=\"163\" src=\"https:\/\/aliancatransportesba.com.br\/wp-content\/uploads\/2021\/01\/cassi.jpg\" alt=\"\"><\/a><\/td><td><a rel=\"noreferrer noopener\" href=\"http:\/\/www.ferbasa.com.br\/default_pti.asp?idioma=0&amp;conta=45\" target=\"_blank\"><img loading=\"lazy\" decoding=\"async\" width=\"250\" height=\"163\" src=\"https:\/\/aliancatransportesba.com.br\/wp-content\/uploads\/2021\/01\/febrasa.jpg\" alt=\"\"><\/a><\/td><td><a href=\"https:\/\/www.metalms.com\/\" data-type=\"URL\" data-id=\"https:\/\/www.metalms.com\/\" target=\"_blank\" rel=\"noreferrer noopener\"><img decoding=\"async\" src=\"https:\/\/aliancatransportesba.com.br\/wp-content\/uploads\/2022\/01\/metalms-1.jpg\" alt=\"O atributo alt desta imagem est\u00e1 vazio. O nome do arquivo \u00e9 metalms-1.jpg\"><\/a><\/td><\/tr><tr><td><a href=\"https:\/\/www.rolfpark.com.br\/\" data-type=\"URL\" data-id=\"https:\/\/www.rolfpark.com.br\/\" target=\"_blank\" rel=\"noreferrer noopener\"><img loading=\"lazy\" decoding=\"async\" width=\"180\" height=\"135\" src=\"https:\/\/aliancatransportesba.com.br\/wp-content\/uploads\/2022\/04\/RolfPark.png\" alt=\"\"><\/a><\/td><td><a href=\"https:\/\/loja.flexmaker.com.br\/\" data-type=\"URL\" data-id=\"https:\/\/loja.flexmaker.com.br\/\" target=\"_blank\" rel=\"noreferrer noopener\"><img decoding=\"async\" src=\"https:\/\/aliancatransportesba.com.br\/wp-content\/uploads\/2022\/04\/LOGO-FLEX-MAKER-BRANCA-1.png\" alt=\"\"><\/a><\/td><td><\/td><\/tr><\/tbody><\/table><\/figure>\n<\/div><\/div>\n\n\n\n<p><\/p>\n\n\n\n<figure class=\"wp-block-embed is-type-video is-provider-youtube wp-block-embed-youtube wp-embed-aspect-16-9 wp-has-aspect-ratio\"><div class=\"wp-block-embed__wrapper\">\n<iframe loading=\"lazy\" title=\"Alian\u00e7a Transportes\" width=\"800\" height=\"450\" src=\"https:\/\/www.youtube.com\/embed\/Aksqh9DOTd8?feature=oembed\" frameborder=\"0\" allow=\"accelerometer; autoplay; clipboard-write; encrypted-media; gyroscope; picture-in-picture\" allowfullscreen><\/iframe>\n<\/div><\/figure>\n\n\n\n<p><\/p>\n\n\n\n<p><\/p>\n","protected":false},"excerpt":{"rendered":"<p>Ol\u00e1, somos a Alian\u00e7a Transportes Uma empresa conceituada em fretamento cont\u00ednuo e viagens de turismo especial.Nossos servi\u00e7os s\u00e3o voltados principalmente para o transporte de passageiros sob regime de fretamento para &#8230;<\/p>\n","protected":false},"author":2,"featured_media":0,"parent":0,"menu_order":0,"comment_status":"closed","ping_status":"closed","template":"template-fullwidth.php","meta":{"footnotes":""},"class_list":["post-1456","page","type-page","status-publish","hentry"],"_links":{"self":[{"href":"https:\/\/aliancatransportesba.com.br\/index.php\/wp-json\/wp\/v2\/pages\/1456","targetHints":{"allow":["GET"]}}],"collection":[{"href":"https:\/\/aliancatransportesba.com.br\/index.php\/wp-json\/wp\/v2\/pages"}],"about":[{"href":"https:\/\/aliancatransportesba.com.br\/index.php\/wp-json\/wp\/v2\/types\/page"}],"author":[{"embeddable":true,"href":"https:\/\/aliancatransportesba.com.br\/index.php\/wp-json\/wp\/v2\/users\/2"}],"replies":[{"embeddable":true,"href":"https:\/\/aliancatransportesba.com.br\/index.php\/wp-json\/wp\/v2\/comments?post=1456"}],"version-history":[{"count":32,"href":"https:\/\/aliancatransportesba.com.br\/index.php\/wp-json\/wp\/v2\/pages\/1456\/revisions"}],"predecessor-version":[{"id":1960,"href":"https:\/\/aliancatransportesba.com.br\/index.php\/wp-json\/wp\/v2\/pages\/1456\/revisions\/1960"}],"wp:attachment":[{"href":"https:\/\/aliancatransportesba.com.br\/index.php\/wp-json\/wp\/v2\/media?parent=1456"}],"curies":[{"name":"wp","href":"https:\/\/api.w.org\/{rel}","templated":true}]}}